{"id":232,"date":"2022-06-21T10:17:47","date_gmt":"2022-06-21T09:17:47","guid":{"rendered":"https:\/\/srrafeiro.wordpress.com\/?page_id=20"},"modified":"2024-03-12T17:47:03","modified_gmt":"2024-03-12T17:47:03","slug":"sr-rafeiro-ultra","status":"publish","type":"page","link":"https:\/\/srrafeiro.pt\/?page_id=232","title":{"rendered":"Ultra"},"content":{"rendered":"\n<figure class=\"wp-block-image size-large\"><img loading=\"lazy\" decoding=\"async\" width=\"1024\" height=\"682\" src=\"https:\/\/srrafeiro.pt\/wp-content\/uploads\/2022\/10\/srrafeiro-ultra-1024x682.jpg\" alt=\"Sr. Rafeiro - Ultra\" class=\"wp-image-735\" title=\"Ultra\" srcset=\"https:\/\/srrafeiro.pt\/wp-content\/uploads\/2022\/10\/srrafeiro-ultra-1024x682.jpg 1024w, https:\/\/srrafeiro.pt\/wp-content\/uploads\/2022\/10\/srrafeiro-ultra-300x200.jpg 300w, https:\/\/srrafeiro.pt\/wp-content\/uploads\/2022\/10\/srrafeiro-ultra-768x512.jpg 768w, https:\/\/srrafeiro.pt\/wp-content\/uploads\/2022\/10\/srrafeiro-ultra-1536x1024.jpg 1536w, https:\/\/srrafeiro.pt\/wp-content\/uploads\/2022\/10\/srrafeiro-ultra.jpg 2000w\" sizes=\"auto, (max-width: 1024px) 100vw, 1024px\" \/><\/figure>\n\n\n\n<figure class=\"wp-block-image size-full\"><img loading=\"lazy\" decoding=\"async\" width=\"1000\" height=\"1000\" src=\"https:\/\/srrafeiro.pt\/wp-content\/uploads\/2024\/03\/SR_nova-imagem-com-fundo-ULTRA-1.jpg\" alt=\"\" class=\"wp-image-964\" srcset=\"https:\/\/srrafeiro.pt\/wp-content\/uploads\/2024\/03\/SR_nova-imagem-com-fundo-ULTRA-1.jpg 1000w, https:\/\/srrafeiro.pt\/wp-content\/uploads\/2024\/03\/SR_nova-imagem-com-fundo-ULTRA-1-300x300.jpg 300w, https:\/\/srrafeiro.pt\/wp-content\/uploads\/2024\/03\/SR_nova-imagem-com-fundo-ULTRA-1-150x150.jpg 150w, https:\/\/srrafeiro.pt\/wp-content\/uploads\/2024\/03\/SR_nova-imagem-com-fundo-ULTRA-1-768x768.jpg 768w\" sizes=\"auto, (max-width: 1000px) 100vw, 1000px\" \/><\/figure>\n\n\n\n<p>A gama Ultra Sr. Rafeiro inclui uma sele\u00e7\u00e3o de receitas com a melhor carne crua preparada fresca, cozinhada suavemente para proteger a qualidade da prote\u00edna.<\/p>\n\n\n\n<p>Cont\u00e9m tamb\u00e9m uma mistura de Superfood, alimentos esses nutritivos e ben\u00e9ficos para a sa\u00fade.<\/p>\n\n\n\n<div class=\"wp-block-columns is-layout-flex wp-container-core-columns-is-layout-28f84493 wp-block-columns-is-layout-flex\">\n<div class=\"wp-block-column is-layout-flow wp-block-column-is-layout-flow\">\n<figure class=\"wp-block-image size-full\"><img loading=\"lazy\" decoding=\"async\" width=\"250\" height=\"250\" src=\"https:\/\/srrafeiro.pt\/wp-content\/uploads\/2022\/10\/total.png\" alt=\"\" class=\"wp-image-755\" srcset=\"https:\/\/srrafeiro.pt\/wp-content\/uploads\/2022\/10\/total.png 250w, https:\/\/srrafeiro.pt\/wp-content\/uploads\/2022\/10\/total-150x150.png 150w\" sizes=\"auto, (max-width: 250px) 100vw, 250px\" \/><figcaption class=\"wp-element-caption\">65% Total de Carne <\/figcaption><\/figure>\n\n\n\n<p class=\"has-text-align-center has-small-font-size\">Rico em amino\u00e1cidos essenciais, vitaminas e minerais para apoiar todos os dias a sa\u00fade e o bem-estar.<\/p>\n<\/div>\n\n\n\n<div class=\"wp-block-column is-layout-flow wp-block-column-is-layout-flow\">\n<figure class=\"wp-block-image size-full\"><img loading=\"lazy\" decoding=\"async\" width=\"250\" height=\"250\" src=\"https:\/\/srrafeiro.pt\/wp-content\/uploads\/2022\/10\/colagenio.png\" alt=\"\" class=\"wp-image-754\" srcset=\"https:\/\/srrafeiro.pt\/wp-content\/uploads\/2022\/10\/colagenio.png 250w, https:\/\/srrafeiro.pt\/wp-content\/uploads\/2022\/10\/colagenio-150x150.png 150w\" sizes=\"auto, (max-width: 250px) 100vw, 250px\" \/><figcaption class=\"wp-element-caption\">Col\u00e1geno presente de<br>forma natural<\/figcaption><\/figure>\n\n\n\n<p class=\"has-text-align-center has-small-font-size\">Encontrado em ingredientes preparados frescos, o col\u00e1geno ajuda a manter a pele e as articula\u00e7\u00f5es saud\u00e1veis<\/p>\n<\/div>\n<\/div>\n\n\n\n<p>Com uma alta percentagem de carne fresca a ra\u00e7\u00e3o Ultra do Sr. Rafeiro garante um maior valor biol\u00f3gico da prote\u00edna fornecida por conter todos os amino\u00e1cidos essenciais, e assim tem um percentual de digestibilidade significativamente superior ao de outras fontes de prote\u00edna.<\/p>\n\n\n\n<p>Por isso, todas as nossas receitas da gama Ultra incluem 65% de carne fresca como ingrediente principal. Ou seja, de todos os ingredientes utilizados, dois ter\u00e7os \u00e9 carne fresca.<\/p>\n\n\n\n<div class=\"wp-block-columns is-layout-flex wp-container-core-columns-is-layout-28f84493 wp-block-columns-is-layout-flex\">\n<div class=\"wp-block-column is-layout-flow wp-block-column-is-layout-flow\">\n<figure class=\"wp-block-image size-large\"><img loading=\"lazy\" decoding=\"async\" width=\"250\" height=\"250\" src=\"https:\/\/srrafeiro.files.wordpress.com\/2022\/06\/mistura-superfood-2.png?w=250\" alt=\"\" class=\"wp-image-166\" srcset=\"https:\/\/srrafeiro.pt\/wp-content\/uploads\/2022\/06\/mistura-superfood-2.png 250w, https:\/\/srrafeiro.pt\/wp-content\/uploads\/2022\/06\/mistura-superfood-2-150x150.png 150w\" sizes=\"auto, (max-width: 250px) 100vw, 250px\" \/><figcaption class=\"wp-element-caption\">Mistura Superfood<\/figcaption><\/figure>\n\n\n\n<p class=\"has-text-align-center has-small-font-size\">Uma mistura de 5  super-alimentos cuidadosamente selecionados, cada um com os seus pr\u00f3prios benef\u00edcios \u00fanicos.<\/p>\n<\/div>\n\n\n\n<div class=\"wp-block-column is-layout-flow wp-block-column-is-layout-flow\">\n<figure class=\"wp-block-image size-large\"><img loading=\"lazy\" decoding=\"async\" width=\"250\" height=\"250\" src=\"https:\/\/srrafeiro.files.wordpress.com\/2022\/06\/saude-digestiva-3.png?w=250\" alt=\"\" class=\"wp-image-167\" srcset=\"https:\/\/srrafeiro.pt\/wp-content\/uploads\/2022\/06\/saude-digestiva-3.png 250w, https:\/\/srrafeiro.pt\/wp-content\/uploads\/2022\/06\/saude-digestiva-3-150x150.png 150w\" sizes=\"auto, (max-width: 250px) 100vw, 250px\" \/><figcaption class=\"wp-element-caption\">Digest\u00e3o sens\u00edvel<\/figcaption><\/figure>\n\n\n\n<p class=\"has-text-align-center has-small-font-size\">MOS pr\u00e9-bi\u00f3ticos e FOS que pode ajudar a promover o crescimento de bact\u00e9rias intestinais saud\u00e1veis e ajuda na digest\u00e3o<\/p>\n<\/div>\n\n\n\n<div class=\"wp-block-column is-layout-flow wp-block-column-is-layout-flow\">\n<figure class=\"wp-block-image size-large\"><img loading=\"lazy\" decoding=\"async\" width=\"250\" height=\"250\" src=\"https:\/\/srrafeiro.files.wordpress.com\/2022\/06\/sem-conservantes-3.png?w=250\" alt=\"\" class=\"wp-image-168\" srcset=\"https:\/\/srrafeiro.pt\/wp-content\/uploads\/2022\/06\/sem-conservantes-3.png 250w, https:\/\/srrafeiro.pt\/wp-content\/uploads\/2022\/06\/sem-conservantes-3-150x150.png 150w\" sizes=\"auto, (max-width: 250px) 100vw, 250px\" \/><figcaption class=\"wp-element-caption\">Sem conservantes nem corantes<\/figcaption><\/figure>\n\n\n\n<p class=\"has-text-align-center has-small-font-size\">Conservado naturalmente com extrato de alecrim.<\/p>\n<\/div>\n<\/div>\n\n\n\n<p><br>Os conservantes t\u00eam sido utilizados para prolongar a vida \u00fatil do produto, facilitando sua distribui\u00e7\u00e3o e uso. Eles cumprem, portanto, um papel t\u00e9cnico, mas n\u00e3o proporcionam benef\u00edcios nutricionais. Posto isto, substitu\u00edmos os conservantes artificiais por conservantes naturais, extra\u00eddos de plantas.<\/p>\n\n\n\n<p>Bem como os corantes, que t\u00eam uma fun\u00e7\u00e3o puramente est\u00e9tica, sem valor nutricional. \u00c9 por isso que os eliminamos completamente das nossas receitas.<\/p>\n\n\n\n<hr class=\"wp-block-separator has-alpha-channel-opacity is-style-dots\"\/>\n\n\n\n<div class=\"wp-block-media-text alignwide is-stacked-on-mobile\"><figure class=\"wp-block-media-text__media\"><a href=\"https:\/\/srrafeiro.pt\/?page_id=417\"><img loading=\"lazy\" decoding=\"async\" width=\"1024\" height=\"1024\" src=\"https:\/\/srrafeiro.pt\/wp-content\/uploads\/2024\/03\/ultra-SFA-1-1024x1024.jpg\" alt=\"\" class=\"wp-image-959 size-full\" srcset=\"https:\/\/srrafeiro.pt\/wp-content\/uploads\/2024\/03\/ultra-SFA-1-1024x1024.jpg 1024w, https:\/\/srrafeiro.pt\/wp-content\/uploads\/2024\/03\/ultra-SFA-1-300x300.jpg 300w, https:\/\/srrafeiro.pt\/wp-content\/uploads\/2024\/03\/ultra-SFA-1-150x150.jpg 150w, https:\/\/srrafeiro.pt\/wp-content\/uploads\/2024\/03\/ultra-SFA-1-768x768.jpg 768w, https:\/\/srrafeiro.pt\/wp-content\/uploads\/2024\/03\/ultra-SFA-1.jpg 1080w\" sizes=\"auto, (max-width: 1024px) 100vw, 1024px\" \/><\/a><\/figure><div class=\"wp-block-media-text__content\">\n<h2 class=\"wp-block-heading\"><a href=\"https:\/\/srrafeiro.pt\/?page_id=417\">Bovino Angus com Cenoura, Feij\u00e3o Verde, Couve-Flor, Tomate e Curgete<\/a><\/h2>\n\n\n\n<figure class=\"wp-block-image size-large\"><a href=\"https:\/\/srrafeiro.pt\/?page_id=417\"><img loading=\"lazy\" decoding=\"async\" width=\"250\" height=\"250\" src=\"https:\/\/srrafeiro.files.wordpress.com\/2022\/06\/carne-bovina.png?w=250\" alt=\"\" class=\"wp-image-174\" srcset=\"https:\/\/srrafeiro.pt\/wp-content\/uploads\/2022\/06\/carne-bovina.png 250w, https:\/\/srrafeiro.pt\/wp-content\/uploads\/2022\/06\/carne-bovina-150x150.png 150w\" sizes=\"auto, (max-width: 250px) 100vw, 250px\" \/><\/a><figcaption class=\"wp-element-caption\">M\u00ednimo de 35% de Carne Bovina Angus preparada fresca<\/figcaption><\/figure>\n<\/div><\/div>\n\n\n\n<hr class=\"wp-block-separator has-alpha-channel-opacity is-style-dots\"\/>\n\n\n\n<div class=\"wp-block-media-text alignwide is-stacked-on-mobile\"><figure class=\"wp-block-media-text__media\"><a href=\"https:\/\/srrafeiro.pt\/?page_id=440\"><img loading=\"lazy\" decoding=\"async\" width=\"1024\" height=\"1024\" src=\"https:\/\/srrafeiro.pt\/wp-content\/uploads\/2024\/03\/ultra-SFD-1-1024x1024.jpg\" alt=\"\" class=\"wp-image-961 size-full\" srcset=\"https:\/\/srrafeiro.pt\/wp-content\/uploads\/2024\/03\/ultra-SFD-1-1024x1024.jpg 1024w, https:\/\/srrafeiro.pt\/wp-content\/uploads\/2024\/03\/ultra-SFD-1-300x300.jpg 300w, https:\/\/srrafeiro.pt\/wp-content\/uploads\/2024\/03\/ultra-SFD-1-150x150.jpg 150w, https:\/\/srrafeiro.pt\/wp-content\/uploads\/2024\/03\/ultra-SFD-1-768x768.jpg 768w, https:\/\/srrafeiro.pt\/wp-content\/uploads\/2024\/03\/ultra-SFD-1.jpg 1080w\" sizes=\"auto, (max-width: 1024px) 100vw, 1024px\" \/><\/a><\/figure><div class=\"wp-block-media-text__content\">\n<h2 class=\"wp-block-heading\"><a href=\"https:\/\/srrafeiro.pt\/?page_id=440\">Pato de Quinta com Cherovia, Beterraba, Laranja, Espargos e Ab\u00f3bora<\/a><\/h2>\n\n\n\n<figure class=\"wp-block-image size-large\"><a href=\"https:\/\/srrafeiro.pt\/?page_id=440\"><img loading=\"lazy\" decoding=\"async\" width=\"250\" height=\"250\" src=\"https:\/\/srrafeiro.files.wordpress.com\/2022\/06\/pato.png?w=250\" alt=\"\" class=\"wp-image-177\" srcset=\"https:\/\/srrafeiro.pt\/wp-content\/uploads\/2022\/06\/pato.png 250w, https:\/\/srrafeiro.pt\/wp-content\/uploads\/2022\/06\/pato-150x150.png 150w\" sizes=\"auto, (max-width: 250px) 100vw, 250px\" \/><\/a><figcaption class=\"wp-element-caption\">M\u00ednimo de 35% de Pato de Quinta preparado fresco<\/figcaption><\/figure>\n<\/div><\/div>\n\n\n\n<hr class=\"wp-block-separator has-alpha-channel-opacity is-style-dots\"\/>\n\n\n\n<div class=\"wp-block-media-text alignwide is-stacked-on-mobile\"><figure class=\"wp-block-media-text__media\"><a href=\"https:\/\/srrafeiro.pt\/?page_id=445\"><img loading=\"lazy\" decoding=\"async\" width=\"1024\" height=\"1024\" src=\"https:\/\/srrafeiro.pt\/wp-content\/uploads\/2024\/03\/ultra-SFL-1-1024x1024.jpg\" alt=\"\" class=\"wp-image-962 size-full\" srcset=\"https:\/\/srrafeiro.pt\/wp-content\/uploads\/2024\/03\/ultra-SFL-1-1024x1024.jpg 1024w, https:\/\/srrafeiro.pt\/wp-content\/uploads\/2024\/03\/ultra-SFL-1-300x300.jpg 300w, https:\/\/srrafeiro.pt\/wp-content\/uploads\/2024\/03\/ultra-SFL-1-150x150.jpg 150w, https:\/\/srrafeiro.pt\/wp-content\/uploads\/2024\/03\/ultra-SFL-1-768x768.jpg 768w, https:\/\/srrafeiro.pt\/wp-content\/uploads\/2024\/03\/ultra-SFL-1.jpg 1080w\" sizes=\"auto, (max-width: 1024px) 100vw, 1024px\" \/><\/a><\/figure><div class=\"wp-block-media-text__content\">\n<h2 class=\"wp-block-heading\"><a href=\"https:\/\/srrafeiro.pt\/?page_id=445\">Borrego Ingl\u00eas com Menta, Rom\u00e3, Amora, Br\u00f3colos e Erva-Doce<\/a><\/h2>\n\n\n\n<figure class=\"wp-block-image size-large\"><a href=\"https:\/\/srrafeiro.pt\/?page_id=445\"><img loading=\"lazy\" decoding=\"async\" width=\"250\" height=\"250\" src=\"https:\/\/srrafeiro.files.wordpress.com\/2022\/06\/borrego-ingles.png?w=250\" alt=\"\" class=\"wp-image-183\" srcset=\"https:\/\/srrafeiro.pt\/wp-content\/uploads\/2022\/06\/borrego-ingles.png 250w, https:\/\/srrafeiro.pt\/wp-content\/uploads\/2022\/06\/borrego-ingles-150x150.png 150w\" sizes=\"auto, (max-width: 250px) 100vw, 250px\" \/><\/a><figcaption class=\"wp-element-caption\">M\u00ednimo de 35% de Borrego Ingl\u00eas preparado fresco<\/figcaption><\/figure>\n<\/div><\/div>\n\n\n\n<hr class=\"wp-block-separator has-alpha-channel-opacity is-style-dots\"\/>\n\n\n\n<div class=\"wp-block-buttons is-layout-flex wp-block-buttons-is-layout-flex\">\n<div class=\"wp-block-button has-custom-width wp-block-button__width-50 aligncenter\"><a class=\"wp-block-button__link has-black-color has-luminous-vivid-amber-background-color has-text-color has-background wp-element-button\" href=\"https:\/\/gorkypets.com\/index.php?id_category=454&amp;controller=category\">Fazer Encomenda<\/a><\/div>\n<\/div>\n\n\n\n<hr class=\"wp-block-separator has-alpha-channel-opacity is-style-dots\"\/>\n\n\n\n<div style=\"height:100px\" aria-hidden=\"true\" class=\"wp-block-spacer\"><\/div>\n","protected":false},"excerpt":{"rendered":"<p>A gama Ultra Sr. Rafeiro inclui uma sele\u00e7\u00e3o de receitas com a melhor carne crua preparada fresca, cozinhada suavemente para proteger a qualidade da prote\u00edna. Cont\u00e9m tamb\u00e9m uma mistura de Superfood, alimentos esses nutritivos e ben\u00e9ficos para a sa\u00fade. Rico em amino\u00e1cidos essenciais, vitaminas e minerais para apoiar todos os dias a sa\u00fade e o [&hellip;]<\/p>\n","protected":false},"author":1,"featured_media":0,"parent":0,"menu_order":0,"comment_status":"closed","ping_status":"closed","template":"header-footer-only","meta":{"om_disable_all_campaigns":false,"_monsterinsights_skip_tracking":false,"_monsterinsights_sitenote_active":false,"_monsterinsights_sitenote_note":"","_monsterinsights_sitenote_category":0,"footnotes":""},"class_list":["post-232","page","type-page","status-publish","hentry"],"aioseo_notices":[],"_links":{"self":[{"href":"https:\/\/srrafeiro.pt\/index.php?rest_route=\/wp\/v2\/pages\/232","targetHints":{"allow":["GET"]}}],"collection":[{"href":"https:\/\/srrafeiro.pt\/index.php?rest_route=\/wp\/v2\/pages"}],"about":[{"href":"https:\/\/srrafeiro.pt\/index.php?rest_route=\/wp\/v2\/types\/page"}],"author":[{"embeddable":true,"href":"https:\/\/srrafeiro.pt\/index.php?rest_route=\/wp\/v2\/users\/1"}],"replies":[{"embeddable":true,"href":"https:\/\/srrafeiro.pt\/index.php?rest_route=%2Fwp%2Fv2%2Fcomments&post=232"}],"version-history":[{"count":12,"href":"https:\/\/srrafeiro.pt\/index.php?rest_route=\/wp\/v2\/pages\/232\/revisions"}],"predecessor-version":[{"id":965,"href":"https:\/\/srrafeiro.pt\/index.php?rest_route=\/wp\/v2\/pages\/232\/revisions\/965"}],"wp:attachment":[{"href":"https:\/\/srrafeiro.pt\/index.php?rest_route=%2Fwp%2Fv2%2Fmedia&parent=232"}],"curies":[{"name":"wp","href":"https:\/\/api.w.org\/{rel}","templated":true}]}}