{"id":445,"date":"2022-07-21T14:42:02","date_gmt":"2022-07-21T13:42:02","guid":{"rendered":"https:\/\/srrafeiro.wordpress.com\/?page_id=445"},"modified":"2024-03-12T17:34:17","modified_gmt":"2024-03-12T17:34:17","slug":"ultra-borrego-ingles","status":"publish","type":"page","link":"https:\/\/srrafeiro.pt\/?page_id=445","title":{"rendered":"Ultra &#8211; Borrego Ingl\u00eas"},"content":{"rendered":"\n<h2 class=\"wp-block-heading has-text-align-center\">Ultra &#8211; Borrego Ingl\u00eas com Menta, Rom\u00e3, Amora, Br\u00f3colos e Erva-doce<\/h2>\n\n\n\n<figure class=\"wp-block-image size-large is-resized\"><a href=\"https:\/\/srrafeiro.pt\/?page_id=232\"><img loading=\"lazy\" decoding=\"async\" width=\"1024\" height=\"682\" src=\"https:\/\/srrafeiro.pt\/wp-content\/uploads\/2022\/10\/srrafeiro-ultra-1024x682.jpg\" alt=\"Sr. Rafeiro - Ultra\" class=\"wp-image-735\" style=\"width:512px;height:341px\" srcset=\"https:\/\/srrafeiro.pt\/wp-content\/uploads\/2022\/10\/srrafeiro-ultra-1024x682.jpg 1024w, https:\/\/srrafeiro.pt\/wp-content\/uploads\/2022\/10\/srrafeiro-ultra-300x200.jpg 300w, https:\/\/srrafeiro.pt\/wp-content\/uploads\/2022\/10\/srrafeiro-ultra-768x512.jpg 768w, https:\/\/srrafeiro.pt\/wp-content\/uploads\/2022\/10\/srrafeiro-ultra-1536x1024.jpg 1536w, https:\/\/srrafeiro.pt\/wp-content\/uploads\/2022\/10\/srrafeiro-ultra.jpg 2000w\" sizes=\"auto, (max-width: 1024px) 100vw, 1024px\" \/><\/a><\/figure>\n\n\n\n<figure class=\"wp-block-image size-large\"><img loading=\"lazy\" decoding=\"async\" width=\"1024\" height=\"1024\" src=\"https:\/\/srrafeiro.pt\/wp-content\/uploads\/2024\/03\/ultra-SFL-1024x1024.jpg\" alt=\"\" class=\"wp-image-955\" title=\"Ultra\" srcset=\"https:\/\/srrafeiro.pt\/wp-content\/uploads\/2024\/03\/ultra-SFL-1024x1024.jpg 1024w, https:\/\/srrafeiro.pt\/wp-content\/uploads\/2024\/03\/ultra-SFL-300x300.jpg 300w, https:\/\/srrafeiro.pt\/wp-content\/uploads\/2024\/03\/ultra-SFL-150x150.jpg 150w, https:\/\/srrafeiro.pt\/wp-content\/uploads\/2024\/03\/ultra-SFL-768x768.jpg 768w, https:\/\/srrafeiro.pt\/wp-content\/uploads\/2024\/03\/ultra-SFL.jpg 1080w\" sizes=\"auto, (max-width: 1024px) 100vw, 1024px\" \/><\/figure>\n\n\n\n<p>A ra\u00e7\u00e3o Sr. Rafeiro Ultra &#8211; Borrego Ingl\u00eas com Menta, Rom\u00e3, Amora, Br\u00f3colos e Erva-doce cont\u00e9m a melhor carne crua preparada fresca, cozinhada suavemente para proteger a qualidade da prote\u00edna.<\/p>\n\n\n\n<p>Cont\u00e9m tamb\u00e9m uma mistura de Superfood, alimentos esses nutritivos e ben\u00e9ficos para a sa\u00fade.<\/p>\n\n\n\n<p>\u00c9 assim, a melhor ra\u00e7\u00e3o que o seu patudo pode comer!<\/p>\n\n\n\n<div class=\"wp-block-buttons is-content-justification-center is-layout-flex wp-container-core-buttons-is-layout-a89b3969 wp-block-buttons-is-layout-flex\">\n<div class=\"wp-block-button has-custom-width wp-block-button__width-50 has-custom-font-size\" style=\"font-size:1.25rem\"><a class=\"wp-block-button__link has-foreground-color has-luminous-vivid-amber-background-color has-text-color has-background wp-element-button\" href=\"https:\/\/gorkypets.com\/index.php?id_product=1769&amp;controller=product\" target=\"_blank\" rel=\"noreferrer noopener\">Fazer Encomenda<\/a><\/div>\n<\/div>\n\n\n\n<div class=\"wp-block-columns is-layout-flex wp-container-core-columns-is-layout-28f84493 wp-block-columns-is-layout-flex\">\n<div class=\"wp-block-column is-layout-flow wp-block-column-is-layout-flow\">\n<figure class=\"wp-block-image size-large\"><img decoding=\"async\" src=\"https:\/\/srrafeiro.files.wordpress.com\/2022\/07\/total.png?w=250\" alt=\"\" class=\"wp-image-423\"\/><figcaption class=\"wp-element-caption\">65% Total de Borrego<\/figcaption><\/figure>\n\n\n\n<p class=\"has-text-align-justify has-small-font-size\">Rico em amino\u00e1cidos essenciais, vitaminas e minerais para apoiar todos os dias a sa\u00fade e o bem-estar.<\/p>\n<\/div>\n\n\n\n<div class=\"wp-block-column is-layout-flow wp-block-column-is-layout-flow\">\n<figure class=\"wp-block-image size-large\"><img loading=\"lazy\" decoding=\"async\" width=\"250\" height=\"250\" src=\"https:\/\/srrafeiro.files.wordpress.com\/2022\/06\/borrego-ingles.png?w=250\" alt=\"Ultra Borrego Ingl\u00eas\" class=\"wp-image-183\" srcset=\"https:\/\/srrafeiro.pt\/wp-content\/uploads\/2022\/06\/borrego-ingles.png 250w, https:\/\/srrafeiro.pt\/wp-content\/uploads\/2022\/06\/borrego-ingles-150x150.png 150w\" sizes=\"auto, (max-width: 250px) 100vw, 250px\" \/><figcaption class=\"wp-element-caption\">M\u00ednimo 35% de Borrego<br>Ingl\u00eas Preparado Fresco<\/figcaption><\/figure>\n\n\n\n<p class=\"has-text-align-justify has-small-font-size\">Uma fonte de prote\u00ednas de origem respons\u00e1vel e altamente diger\u00edvel.<\/p>\n<\/div>\n\n\n\n<div class=\"wp-block-column is-layout-flow wp-block-column-is-layout-flow\">\n<figure class=\"wp-block-image size-large\"><img decoding=\"async\" src=\"https:\/\/srrafeiro.files.wordpress.com\/2022\/07\/colagenio.png?w=250\" alt=\"\" class=\"wp-image-424\"\/><figcaption class=\"wp-element-caption\">Col\u00e1geno presente de<br>forma natural<\/figcaption><\/figure>\n\n\n\n<p class=\"has-text-align-justify has-small-font-size\">Encontrado em ingredientes preparados frescos, o col\u00e1geno ajuda a manter a pele e as articula\u00e7\u00f5es saud\u00e1veis<\/p>\n<\/div>\n<\/div>\n\n\n\n<div class=\"wp-block-columns is-layout-flex wp-container-core-columns-is-layout-28f84493 wp-block-columns-is-layout-flex\">\n<div class=\"wp-block-column is-layout-flow wp-block-column-is-layout-flow\">\n<figure class=\"wp-block-image size-large\"><img loading=\"lazy\" decoding=\"async\" width=\"250\" height=\"250\" src=\"https:\/\/srrafeiro.files.wordpress.com\/2022\/06\/mistura-superfood-2.png?w=250\" alt=\"\" class=\"wp-image-166\" srcset=\"https:\/\/srrafeiro.pt\/wp-content\/uploads\/2022\/06\/mistura-superfood-2.png 250w, https:\/\/srrafeiro.pt\/wp-content\/uploads\/2022\/06\/mistura-superfood-2-150x150.png 150w\" sizes=\"auto, (max-width: 250px) 100vw, 250px\" \/><figcaption class=\"wp-element-caption\">Mistura Superfood<\/figcaption><\/figure>\n\n\n\n<p class=\"has-text-align-justify has-small-font-size\">Uma mistura de 5  super-alimentos cuidadosamente selecionados, cada um com os seus pr\u00f3prios benef\u00edcios \u00fanicos.<\/p>\n<\/div>\n\n\n\n<div class=\"wp-block-column is-layout-flow wp-block-column-is-layout-flow\">\n<figure class=\"wp-block-image size-large\"><img loading=\"lazy\" decoding=\"async\" width=\"250\" height=\"250\" src=\"https:\/\/srrafeiro.files.wordpress.com\/2022\/06\/saude-digestiva-3.png?w=250\" alt=\"\" class=\"wp-image-167\" srcset=\"https:\/\/srrafeiro.pt\/wp-content\/uploads\/2022\/06\/saude-digestiva-3.png 250w, https:\/\/srrafeiro.pt\/wp-content\/uploads\/2022\/06\/saude-digestiva-3-150x150.png 150w\" sizes=\"auto, (max-width: 250px) 100vw, 250px\" \/><figcaption class=\"wp-element-caption\">Digest\u00e3o sens\u00edvel<\/figcaption><\/figure>\n\n\n\n<p class=\"has-text-align-justify has-small-font-size\">MOS pr\u00e9-bi\u00f3ticos e FOS que pode ajudar a promover o crescimento de bact\u00e9rias intestinais saud\u00e1veis e ajuda na digest\u00e3o<\/p>\n<\/div>\n\n\n\n<div class=\"wp-block-column is-layout-flow wp-block-column-is-layout-flow\">\n<figure class=\"wp-block-image size-large\"><img decoding=\"async\" src=\"https:\/\/srrafeiro.files.wordpress.com\/2022\/07\/sem-cereais-1.png?w=250\" alt=\"\" class=\"wp-image-447\"\/><figcaption class=\"wp-element-caption\">Receita Sem Cereais<\/figcaption><\/figure>\n\n\n\n<p class=\"has-text-align-justify has-small-font-size\">Formulado sem gr\u00e3os.<\/p>\n<\/div>\n<\/div>\n\n\n\n<hr class=\"wp-block-separator has-alpha-channel-opacity is-style-dots\"\/>\n\n\n\n<figure class=\"wp-block-table is-style-regular has-small-font-size\"><table style=\"border-style:none;border-width:0px\"><thead><tr><th>Porqu\u00ea Superfoods?<\/th><th><\/th><\/tr><\/thead><tbody><tr><td>Menta<\/td><td>Fonte de pot\u00e1ssio para ajudar nas fun\u00e7\u00f5es nervosas e musculares.<\/td><\/tr><tr><td>Rom\u00e3<\/td><td>Fonte de vitamina C, que tem um papel essencial na s\u00edntese de colag\u00e9no, importante para ajudar a manter os ossos saud\u00e1veis<\/td><\/tr><tr><td>Amora<\/td><td>Fonte de ferro para ajudar a manter as fun\u00e7\u00f5es normais do sistema circulat\u00f3rio.<\/td><\/tr><tr><td>Br\u00f3colos<\/td><td>Fonte de fibra alimentar para ajudar a normalizar o tr\u00e2nsito gastrointestinal.<\/td><\/tr><tr><td>Erva-doce<\/td><td>Uma boa fonte de c\u00e1lcio que ajuda a manter os ossos e dentes saud\u00e1veis.<\/td><\/tr><\/tbody><\/table><\/figure>\n\n\n\n<hr class=\"wp-block-separator alignfull has-alpha-channel-opacity is-style-dots\"\/>\n\n\n\n<h2 class=\"wp-block-heading has-text-align-center\">Composi\u00e7\u00e3o<\/h2>\n\n\n\n<div class=\"wp-block-columns is-layout-flex wp-container-core-columns-is-layout-28f84493 wp-block-columns-is-layout-flex\">\n<div class=\"wp-block-column is-layout-flow wp-block-column-is-layout-flow\">\n<p class=\"has-small-font-size\">65% de Borrego (35% de Borrego Ingl\u00eas preparado fresco, 22% de Borrego desidratado, 5% de gordura de Borrego, 3% de molho de Borrego), batata doce, feij\u00e3o, polpa de beterraba, mistura de superalimentos desidratados* (incluindo hortel\u00e3, rom\u00e3, amora, br\u00f3colos, erva-doce), suplemento \u00f3mega 3, minerais, frutooligossacar\u00eddeos (192 mg\/kg), mananoligossacar\u00eddeos (48 mg\/kg), extrato de azeitona (0,01%).<\/p>\n\n\n\n<p class=\"has-small-font-size\">*Cada ingrediente equivale a 4% de ingredientes frescos<\/p>\n\n\n\n<p class=\"has-small-font-size\"><strong>CONSTITUINTES ANAL\u00cdTICOS:&nbsp;<\/strong>Prote\u00edna bruta 27.5%,&nbsp;Gordura bruta 15.5%,&nbsp;Fibra Bruta 3.5%,&nbsp;Cinza Bruta 12%, H\u00famidade 8%, NFE 33.5%,&nbsp;Energia metaboliz\u00e1vel 3611 kcal \/ 100g, \u00c1cidos Gordurosos \u00d3mega-6 1.9%, \u00c1cidos Gordurosos \u00d3mega 3 0,8%,&nbsp;C\u00e1lcio 2.4%,&nbsp;F\u00f3sforo 1.5%, Colag\u00e9nio 7%.<\/p>\n\n\n\n<p class=\"has-small-font-size\"><strong>ADITIVOS NUTRICIONAIS \/ KG:&nbsp;Vitaminas:<\/strong>&nbsp;Vitamina A 15,000 UI, Vitamina D3 2,000 IU, Vitamina E 95 IU.&nbsp;<strong>Oligoelementos:<\/strong>&nbsp;Zinco (Sulfato de Zinco Monoidratado) 50 mg, Ferro (Sulfato de Ferro (II) Monoidratado) 50 mg, Mangan\u00eas (Sulfato de Mangan\u00eas Monoidratado) 35 mg, Cobre (Cobre (II) Sulfato Penta-hidratado) 15 mg, Iodo (Iodato de C\u00e1lcio Iodeto de Anidro e Pot\u00e1ssio) 1,6 mg, Sel\u00eanio (S\u00f3dio Selenito) 0,3 mg.<\/p>\n<\/div>\n\n\n\n<div class=\"wp-block-column is-layout-flow wp-block-column-is-layout-flow\">\n<figure class=\"wp-block-image size-large\"><img decoding=\"async\" src=\"https:\/\/srrafeiro.files.wordpress.com\/2022\/07\/sfl.png?w=1024\" alt=\"Ultra Borrego Ingl\u00eas\" class=\"wp-image-448\"\/><\/figure>\n\n\n\n<p class=\"has-text-align-center\"><strong>GUIA DE ALIMENTA\u00c7\u00c3O:<\/strong><\/p>\n\n\n\n<figure class=\"wp-block-table is-style-stripes has-small-font-size\"><table><thead><tr><th class=\"has-text-align-center\" data-align=\"center\"><strong>PESO&nbsp;DO C\u00c3O<\/strong><\/th><th class=\"has-text-align-center\" data-align=\"center\"><strong>GRAMAS\/DIA<\/strong><\/th><\/tr><\/thead><tbody><tr><td class=\"has-text-align-center\" data-align=\"center\">1-5 kg<\/td><td class=\"has-text-align-center\" data-align=\"center\">25-85g<\/td><\/tr><tr><td class=\"has-text-align-center\" data-align=\"center\">5-10 kg<\/td><td class=\"has-text-align-center\" data-align=\"center\">85-145g<\/td><\/tr><tr><td class=\"has-text-align-center\" data-align=\"center\">10-20 kg<\/td><td class=\"has-text-align-center\" data-align=\"center\">145-240g<\/td><\/tr><tr><td class=\"has-text-align-center\" data-align=\"center\">20-30 kg<\/td><td class=\"has-text-align-center\" data-align=\"center\">240-330g<\/td><\/tr><tr><td class=\"has-text-align-center\" data-align=\"center\">30-40kg<\/td><td class=\"has-text-align-center\" data-align=\"center\">330-410g<\/td><\/tr><tr><td class=\"has-text-align-center\" data-align=\"center\">40 +kg<\/td><td class=\"has-text-align-center\" data-align=\"center\">410+g<\/td><\/tr><\/tbody><\/table><figcaption class=\"wp-element-caption\">Todos os c\u00e3es s\u00e3o diferentes e, assim sendo, este guia deve ser adaptado \u00e0s necessidades de cada ra\u00e7a, idade, temperamento e n\u00edveis de atividade de cada c\u00e3o. Quando houver altera\u00e7\u00e3o na alimenta\u00e7\u00e3o, o novo alimento deve ser introduzido gradualmente durante duas semanas. Deve assegurar-se tamb\u00e9m que disp\u00f5e sempre de \u00e1gua fresca e limpa.<\/figcaption><\/figure>\n<\/div>\n<\/div>\n\n\n\n<hr class=\"wp-block-separator has-alpha-channel-opacity is-style-dots\"\/>\n\n\n\n<div class=\"wp-block-group is-layout-flow wp-block-group-is-layout-flow\">\n<h2 class=\"wp-block-heading has-text-align-center has-cyan-bluish-gray-background-color has-background has-link-color wp-elements-8e3110981c16ec202f765e717150b6c8\">Dispon\u00edvel em:<\/h2>\n\n\n\n<figure class=\"wp-block-image size-large\"><img decoding=\"async\" src=\"https:\/\/srrafeiro.files.wordpress.com\/2022\/07\/12kgs-2kgs.jpg?w=558\" alt=\"\" class=\"wp-image-609\"\/><\/figure>\n<\/div>\n\n\n\n<div class=\"wp-block-buttons is-content-justification-center is-layout-flex wp-container-core-buttons-is-layout-a89b3969 wp-block-buttons-is-layout-flex\">\n<div class=\"wp-block-button has-custom-width wp-block-button__width-50 has-custom-font-size\" style=\"font-size:1.25rem\"><a class=\"wp-block-button__link has-foreground-color has-luminous-vivid-amber-background-color has-text-color has-background wp-element-button\" href=\"https:\/\/gorkypets.com\/index.php?id_product=1769&amp;controller=product\" target=\"_blank\" rel=\"noreferrer noopener\">Fazer Encomenda<\/a><\/div>\n<\/div>\n\n\n\n<hr class=\"wp-block-separator has-alpha-channel-opacity is-style-dots\"\/>\n\n\n\n<div style=\"height:100px\" aria-hidden=\"true\" class=\"wp-block-spacer\"><\/div>\n","protected":false},"excerpt":{"rendered":"<p>Ultra &#8211; Borrego Ingl\u00eas com Menta, Rom\u00e3, Amora, Br\u00f3colos e Erva-doce A ra\u00e7\u00e3o Sr. Rafeiro Ultra &#8211; Borrego Ingl\u00eas com Menta, Rom\u00e3, Amora, Br\u00f3colos e Erva-doce cont\u00e9m a melhor carne crua preparada fresca, cozinhada suavemente para proteger a qualidade da prote\u00edna. Cont\u00e9m tamb\u00e9m uma mistura de Superfood, alimentos esses nutritivos e ben\u00e9ficos para a sa\u00fade. [&hellip;]<\/p>\n","protected":false},"author":1,"featured_media":0,"parent":232,"menu_order":0,"comment_status":"closed","ping_status":"closed","template":"header-footer-only","meta":{"om_disable_all_campaigns":false,"_monsterinsights_skip_tracking":false,"_monsterinsights_sitenote_active":false,"_monsterinsights_sitenote_note":"","_monsterinsights_sitenote_category":0,"footnotes":""},"class_list":["post-445","page","type-page","status-publish","hentry"],"aioseo_notices":[],"_links":{"self":[{"href":"https:\/\/srrafeiro.pt\/index.php?rest_route=\/wp\/v2\/pages\/445","targetHints":{"allow":["GET"]}}],"collection":[{"href":"https:\/\/srrafeiro.pt\/index.php?rest_route=\/wp\/v2\/pages"}],"about":[{"href":"https:\/\/srrafeiro.pt\/index.php?rest_route=\/wp\/v2\/types\/page"}],"author":[{"embeddable":true,"href":"https:\/\/srrafeiro.pt\/index.php?rest_route=\/wp\/v2\/users\/1"}],"replies":[{"embeddable":true,"href":"https:\/\/srrafeiro.pt\/index.php?rest_route=%2Fwp%2Fv2%2Fcomments&post=445"}],"version-history":[{"count":3,"href":"https:\/\/srrafeiro.pt\/index.php?rest_route=\/wp\/v2\/pages\/445\/revisions"}],"predecessor-version":[{"id":956,"href":"https:\/\/srrafeiro.pt\/index.php?rest_route=\/wp\/v2\/pages\/445\/revisions\/956"}],"up":[{"embeddable":true,"href":"https:\/\/srrafeiro.pt\/index.php?rest_route=\/wp\/v2\/pages\/232"}],"wp:attachment":[{"href":"https:\/\/srrafeiro.pt\/index.php?rest_route=%2Fwp%2Fv2%2Fmedia&parent=445"}],"curies":[{"name":"wp","href":"https:\/\/api.w.org\/{rel}","templated":true}]}}