{"id":6,"date":"2022-06-20T17:44:23","date_gmt":"2022-06-20T17:44:23","guid":{"rendered":"https:\/\/srrafeiro.wordpress.com\/home\/"},"modified":"2026-04-25T09:49:55","modified_gmt":"2026-04-25T09:49:55","slug":"sr-rafeiro","status":"publish","type":"page","link":"https:\/\/srrafeiro.pt\/","title":{"rendered":"Sr. Rafeiro"},"content":{"rendered":"\n<h1 class=\"wp-block-heading has-text-align-center\">Sr. Rafeiro &#8211; Ra\u00e7\u00e3o incr\u00edvel para c\u00e3es incr\u00edveis!<\/h1>\n\n\n\n<div class=\"wp-block-group alignfull has-tertiary-background-color has-background is-layout-constrained wp-block-group-is-layout-constrained\" style=\"padding-top:10vh;padding-bottom:10vh\">\n<div class=\"wp-block-columns alignwide is-layout-flex wp-container-core-columns-is-layout-28f84493 wp-block-columns-is-layout-flex\">\n<div class=\"wp-block-column is-layout-flow wp-block-column-is-layout-flow\">\n<figure class=\"wp-block-image size-full\"><a href=\"https:\/\/srrafeiro.pt\/?page_id=230\"><img loading=\"lazy\" decoding=\"async\" width=\"1000\" height=\"1000\" src=\"https:\/\/srrafeiro.pt\/wp-content\/uploads\/2024\/03\/SR_nova-imagem-com-fundo-SP-2.jpg\" alt=\"Gama SuperPremium\" class=\"wp-image-920\" srcset=\"https:\/\/srrafeiro.pt\/wp-content\/uploads\/2024\/03\/SR_nova-imagem-com-fundo-SP-2.jpg 1000w, https:\/\/srrafeiro.pt\/wp-content\/uploads\/2024\/03\/SR_nova-imagem-com-fundo-SP-2-300x300.jpg 300w, https:\/\/srrafeiro.pt\/wp-content\/uploads\/2024\/03\/SR_nova-imagem-com-fundo-SP-2-150x150.jpg 150w, https:\/\/srrafeiro.pt\/wp-content\/uploads\/2024\/03\/SR_nova-imagem-com-fundo-SP-2-768x768.jpg 768w\" sizes=\"auto, (max-width: 1000px) 100vw, 1000px\" \/><\/a><\/figure>\n\n\n\n<p><\/p>\n\n\n\n<p>A linha SuperPremium Sr.Rafeiro cont\u00e9m uma variedade de fontes de prote\u00ednas de alta qualidade.<\/p>\n\n\n\n<p>A gama SuperPremium oferece uma sele\u00e7\u00e3o de receitas hipoalerg\u00e9nicas formuladas sem al\u00e9rgenos alimentares mais comuns para c\u00e3es \u2013 carne bovina, su\u00edna, trigo, gl\u00faten de trigo, latic\u00ednios, ovos e soja.<\/p>\n<\/div>\n\n\n\n<div class=\"wp-block-column is-layout-flow wp-block-column-is-layout-flow\">\n<figure class=\"wp-block-image size-large\"><a href=\"https:\/\/srrafeiro.pt\/?page_id=230\"><img loading=\"lazy\" decoding=\"async\" width=\"1024\" height=\"683\" src=\"https:\/\/srrafeiro.pt\/wp-content\/uploads\/2024\/10\/logos-com-sr-rafeiro-AI-png-7-edited-1024x683.png\" alt=\"SuperPremium Sr.Rafeiro\" class=\"wp-image-1003\" srcset=\"https:\/\/srrafeiro.pt\/wp-content\/uploads\/2024\/10\/logos-com-sr-rafeiro-AI-png-7-edited-1024x683.png 1024w, https:\/\/srrafeiro.pt\/wp-content\/uploads\/2024\/10\/logos-com-sr-rafeiro-AI-png-7-edited-300x200.png 300w, https:\/\/srrafeiro.pt\/wp-content\/uploads\/2024\/10\/logos-com-sr-rafeiro-AI-png-7-edited-768x512.png 768w, https:\/\/srrafeiro.pt\/wp-content\/uploads\/2024\/10\/logos-com-sr-rafeiro-AI-png-7-edited.png 1176w\" sizes=\"auto, (max-width: 1024px) 100vw, 1024px\" \/><\/a><\/figure>\n\n\n\n<h2 class=\"wp-block-heading has-text-align-center\">SuperPremium Sr.Rafeiro<\/h2>\n\n\n\n<div class=\"wp-block-columns is-layout-flex wp-container-core-columns-is-layout-28f84493 wp-block-columns-is-layout-flex\">\n<div class=\"wp-block-column is-layout-flow wp-block-column-is-layout-flow\">\n<figure class=\"wp-block-image size-thumbnail is-resized is-style-default\"><a href=\"https:\/\/srrafeiro.pt\/?page_id=230\"><img loading=\"lazy\" decoding=\"async\" width=\"250\" height=\"250\" src=\"https:\/\/srrafeiro.files.wordpress.com\/2022\/06\/digesticao-sensivel.png?w=150\" alt=\"Digest\u00e3o sens\u00edvel\" class=\"wp-image-124\" srcset=\"https:\/\/srrafeiro.pt\/wp-content\/uploads\/2022\/06\/digesticao-sensivel.png 250w, https:\/\/srrafeiro.pt\/wp-content\/uploads\/2022\/06\/digesticao-sensivel-150x150.png 150w\" sizes=\"auto, (max-width: 250px) 100vw, 250px\" \/><\/a><figcaption class=\"wp-element-caption\">Digest\u00e3o sens\u00edvel<\/figcaption><\/figure>\n<\/div>\n\n\n\n<div class=\"wp-block-column is-layout-flow wp-block-column-is-layout-flow\">\n<figure class=\"wp-block-image size-large is-resized\"><a href=\"https:\/\/srrafeiro.pt\/?page_id=230\"><img loading=\"lazy\" decoding=\"async\" width=\"250\" height=\"250\" src=\"https:\/\/srrafeiro.files.wordpress.com\/2022\/06\/pele-e-pelagem.png?w=250\" alt=\"Mant\u00e9m a pele\nsaud\u00e1vel e a pelagem brilhante\" class=\"wp-image-125\" srcset=\"https:\/\/srrafeiro.pt\/wp-content\/uploads\/2022\/06\/pele-e-pelagem.png 250w, https:\/\/srrafeiro.pt\/wp-content\/uploads\/2022\/06\/pele-e-pelagem-150x150.png 150w\" sizes=\"auto, (max-width: 250px) 100vw, 250px\" \/><\/a><figcaption class=\"wp-element-caption\">Mant\u00e9m a pele<br>saud\u00e1vel e a pelagem brilhante<\/figcaption><\/figure>\n<\/div>\n\n\n\n<div class=\"wp-block-column is-layout-flow wp-block-column-is-layout-flow\">\n<figure class=\"wp-block-image size-large is-resized\"><a href=\"https:\/\/srrafeiro.pt\/?page_id=230\"><img loading=\"lazy\" decoding=\"async\" width=\"250\" height=\"250\" src=\"https:\/\/srrafeiro.files.wordpress.com\/2022\/06\/proteina-alta-qualidade.png?w=250\" alt=\"Prote\u00edna Alta Qualidade\" class=\"wp-image-127\" srcset=\"https:\/\/srrafeiro.pt\/wp-content\/uploads\/2022\/06\/proteina-alta-qualidade.png 250w, https:\/\/srrafeiro.pt\/wp-content\/uploads\/2022\/06\/proteina-alta-qualidade-150x150.png 150w\" sizes=\"auto, (max-width: 250px) 100vw, 250px\" \/><\/a><figcaption class=\"wp-element-caption\">Prote\u00edna Alta Qualidade<\/figcaption><\/figure>\n<\/div>\n<\/div>\n\n\n\n<div class=\"wp-block-columns is-layout-flex wp-container-core-columns-is-layout-28f84493 wp-block-columns-is-layout-flex\">\n<div class=\"wp-block-column is-layout-flow wp-block-column-is-layout-flow\">\n<figure class=\"wp-block-image size-large is-resized\"><a href=\"https:\/\/srrafeiro.pt\/?page_id=230\"><img decoding=\"async\" src=\"https:\/\/srrafeiro.files.wordpress.com\/2022\/06\/pack-articulacoes.png?w=250\" alt=\"Pack para o cuidado\ndas articula\u00e7\u00f5es\" class=\"wp-image-255\"\/><\/a><figcaption class=\"wp-element-caption\">Pack para o cuidado<br>das articula\u00e7\u00f5es<\/figcaption><\/figure>\n<\/div>\n\n\n\n<div class=\"wp-block-column is-layout-flow wp-block-column-is-layout-flow\">\n<figure class=\"wp-block-image size-large is-resized\"><a href=\"https:\/\/srrafeiro.pt\/?page_id=230\"><img loading=\"lazy\" decoding=\"async\" width=\"250\" height=\"250\" src=\"https:\/\/srrafeiro.files.wordpress.com\/2022\/06\/sem-corante.png?w=250\" alt=\"Sem conservantes nem corantes\" class=\"wp-image-130\" srcset=\"https:\/\/srrafeiro.pt\/wp-content\/uploads\/2022\/06\/sem-corante.png 250w, https:\/\/srrafeiro.pt\/wp-content\/uploads\/2022\/06\/sem-corante-150x150.png 150w\" sizes=\"auto, (max-width: 250px) 100vw, 250px\" \/><\/a><figcaption class=\"wp-element-caption\">Sem conservantes nem corantes<\/figcaption><\/figure>\n<\/div>\n\n\n\n<div class=\"wp-block-column is-layout-flow wp-block-column-is-layout-flow\">\n<figure class=\"wp-block-image size-large is-resized\"><a href=\"https:\/\/srrafeiro.pt\/?page_id=230\"><img loading=\"lazy\" decoding=\"async\" width=\"250\" height=\"250\" src=\"https:\/\/srrafeiro.files.wordpress.com\/2022\/06\/sistema-imunilogico.png?w=250\" alt=\"Ajuda o sistema imunol\u00f3gico\" class=\"wp-image-132\" srcset=\"https:\/\/srrafeiro.pt\/wp-content\/uploads\/2022\/06\/sistema-imunilogico.png 250w, https:\/\/srrafeiro.pt\/wp-content\/uploads\/2022\/06\/sistema-imunilogico-150x150.png 150w\" sizes=\"auto, (max-width: 250px) 100vw, 250px\" \/><\/a><figcaption class=\"wp-element-caption\">Ajuda o sistema imunol\u00f3gico<\/figcaption><\/figure>\n<\/div>\n<\/div>\n<\/div>\n<\/div>\n<\/div>\n\n\n\n<div class=\"wp-block-buttons is-content-justification-center is-layout-flex wp-container-core-buttons-is-layout-a89b3969 wp-block-buttons-is-layout-flex\">\n<div class=\"wp-block-button has-custom-font-size has-medium-font-size\"><a class=\"wp-block-button__link has-foreground-color has-luminous-vivid-amber-background-color has-text-color has-background wp-element-button\" href=\"https:\/\/gorkypets.com\/index.php?id_category=456&amp;controller=category&amp;n=18\">Fazer encomenda<\/a><\/div>\n<\/div>\n\n\n\n<div class=\"wp-block-group alignfull has-tertiary-background-color has-background is-layout-constrained wp-block-group-is-layout-constrained\" style=\"padding-top:10vh;padding-bottom:10vh\">\n<div class=\"wp-block-columns alignwide is-layout-flex wp-container-core-columns-is-layout-28f84493 wp-block-columns-is-layout-flex\">\n<div class=\"wp-block-column is-layout-flow wp-block-column-is-layout-flow\">\n<figure class=\"wp-block-image size-large\"><a href=\"https:\/\/srrafeiro.pt\/?page_id=231\"><img loading=\"lazy\" decoding=\"async\" width=\"1024\" height=\"682\" src=\"https:\/\/srrafeiro.pt\/wp-content\/uploads\/2022\/10\/srrafeiro-grainfree-png-1024x682.png\" alt=\"Sr.Rafeiro Grain Free\" class=\"wp-image-805\" srcset=\"https:\/\/srrafeiro.pt\/wp-content\/uploads\/2022\/10\/srrafeiro-grainfree-png-1024x682.png 1024w, https:\/\/srrafeiro.pt\/wp-content\/uploads\/2022\/10\/srrafeiro-grainfree-png-300x200.png 300w, https:\/\/srrafeiro.pt\/wp-content\/uploads\/2022\/10\/srrafeiro-grainfree-png-768x512.png 768w, https:\/\/srrafeiro.pt\/wp-content\/uploads\/2022\/10\/srrafeiro-grainfree-png-1536x1024.png 1536w, https:\/\/srrafeiro.pt\/wp-content\/uploads\/2022\/10\/srrafeiro-grainfree-png.png 2000w\" sizes=\"auto, (max-width: 1024px) 100vw, 1024px\" \/><\/a><\/figure>\n\n\n\n<h2 class=\"wp-block-heading has-text-align-center\">Grain Free Sr. Rafeiro<\/h2>\n\n\n\n<div class=\"wp-block-columns is-layout-flex wp-container-core-columns-is-layout-28f84493 wp-block-columns-is-layout-flex\">\n<div class=\"wp-block-column is-layout-flow wp-block-column-is-layout-flow\">\n<figure class=\"wp-block-image size-large is-resized\"><a href=\"https:\/\/srrafeiro.pt\/?page_id=231\"><img decoding=\"async\" src=\"https:\/\/srrafeiro.files.wordpress.com\/2022\/06\/sem-cereais-1.png?w=250\" alt=\"Sem Cereais\" class=\"wp-image-252\"\/><\/a><figcaption class=\"wp-element-caption\">Sem Cereais<\/figcaption><\/figure>\n<\/div>\n\n\n\n<div class=\"wp-block-column is-layout-flow wp-block-column-is-layout-flow\">\n<figure class=\"wp-block-image size-large is-resized\"><a href=\"https:\/\/srrafeiro.pt\/?page_id=231\"><img loading=\"lazy\" decoding=\"async\" width=\"250\" height=\"250\" src=\"https:\/\/srrafeiro.files.wordpress.com\/2022\/06\/pack-articulacao.png?w=250\" alt=\"Pack para o cuidado\ndas articula\u00e7\u00f5es\" class=\"wp-image-137\" srcset=\"https:\/\/srrafeiro.pt\/wp-content\/uploads\/2022\/06\/pack-articulacao.png 250w, https:\/\/srrafeiro.pt\/wp-content\/uploads\/2022\/06\/pack-articulacao-150x150.png 150w\" sizes=\"auto, (max-width: 250px) 100vw, 250px\" \/><\/a><figcaption class=\"wp-element-caption\">Pack para o cuidado<br>das articula\u00e7\u00f5es<\/figcaption><\/figure>\n<\/div>\n\n\n\n<div class=\"wp-block-column is-layout-flow wp-block-column-is-layout-flow\">\n<figure class=\"wp-block-image size-large is-resized\"><a href=\"https:\/\/srrafeiro.pt\/?page_id=231\"><img loading=\"lazy\" decoding=\"async\" width=\"250\" height=\"250\" src=\"https:\/\/srrafeiro.files.wordpress.com\/2022\/06\/textura-macia.png?w=250\" alt=\"Textura macia\" class=\"wp-image-139\" srcset=\"https:\/\/srrafeiro.pt\/wp-content\/uploads\/2022\/06\/textura-macia.png 250w, https:\/\/srrafeiro.pt\/wp-content\/uploads\/2022\/06\/textura-macia-150x150.png 150w\" sizes=\"auto, (max-width: 250px) 100vw, 250px\" \/><\/a><figcaption class=\"wp-element-caption\">Textura macia<\/figcaption><\/figure>\n<\/div>\n<\/div>\n\n\n\n<div class=\"wp-block-columns is-layout-flex wp-container-core-columns-is-layout-28f84493 wp-block-columns-is-layout-flex\">\n<div class=\"wp-block-column is-layout-flow wp-block-column-is-layout-flow\">\n<figure class=\"wp-block-image size-large is-resized\"><a href=\"https:\/\/srrafeiro.pt\/?page_id=231\"><img decoding=\"async\" src=\"https:\/\/srrafeiro.files.wordpress.com\/2022\/06\/omega-3-2.png?w=250\" alt=\"Omega 3\" class=\"wp-image-253\"\/><\/a><figcaption class=\"wp-element-caption\">Omega 3<\/figcaption><\/figure>\n<\/div>\n\n\n\n<div class=\"wp-block-column is-layout-flow wp-block-column-is-layout-flow\">\n<figure class=\"wp-block-image size-large is-resized\"><a href=\"https:\/\/srrafeiro.pt\/?page_id=231\"><img loading=\"lazy\" decoding=\"async\" width=\"250\" height=\"250\" src=\"https:\/\/srrafeiro.files.wordpress.com\/2022\/06\/saude-digestiva.png?w=250\" alt=\"Digest\u00e3o sens\u00edvel\" class=\"wp-image-142\" srcset=\"https:\/\/srrafeiro.pt\/wp-content\/uploads\/2022\/06\/saude-digestiva.png 250w, https:\/\/srrafeiro.pt\/wp-content\/uploads\/2022\/06\/saude-digestiva-150x150.png 150w\" sizes=\"auto, (max-width: 250px) 100vw, 250px\" \/><\/a><figcaption class=\"wp-element-caption\">Digest\u00e3o sens\u00edvel<\/figcaption><\/figure>\n<\/div>\n\n\n\n<div class=\"wp-block-column is-layout-flow wp-block-column-is-layout-flow\">\n<figure class=\"wp-block-image size-large is-resized\"><a href=\"https:\/\/srrafeiro.pt\/?page_id=231\"><img loading=\"lazy\" decoding=\"async\" width=\"250\" height=\"250\" src=\"https:\/\/srrafeiro.files.wordpress.com\/2022\/06\/sem-conservantes.png?w=250\" alt=\"Sem conservantes nem corantes\" class=\"wp-image-143\" srcset=\"https:\/\/srrafeiro.pt\/wp-content\/uploads\/2022\/06\/sem-conservantes.png 250w, https:\/\/srrafeiro.pt\/wp-content\/uploads\/2022\/06\/sem-conservantes-150x150.png 150w\" sizes=\"auto, (max-width: 250px) 100vw, 250px\" \/><\/a><figcaption class=\"wp-element-caption\">Sem conservantes nem corantes<\/figcaption><\/figure>\n<\/div>\n<\/div>\n<\/div>\n\n\n\n<div class=\"wp-block-column is-layout-flow wp-block-column-is-layout-flow\">\n<figure class=\"wp-block-image size-full\"><a href=\"https:\/\/srrafeiro.pt\/?page_id=231\"><img loading=\"lazy\" decoding=\"async\" width=\"1000\" height=\"1000\" src=\"https:\/\/srrafeiro.pt\/wp-content\/uploads\/2024\/03\/SR_nova-imagem-com-fundo-GF-1.jpg\" alt=\"Gama Grain Free\" class=\"wp-image-921\" srcset=\"https:\/\/srrafeiro.pt\/wp-content\/uploads\/2024\/03\/SR_nova-imagem-com-fundo-GF-1.jpg 1000w, https:\/\/srrafeiro.pt\/wp-content\/uploads\/2024\/03\/SR_nova-imagem-com-fundo-GF-1-300x300.jpg 300w, https:\/\/srrafeiro.pt\/wp-content\/uploads\/2024\/03\/SR_nova-imagem-com-fundo-GF-1-150x150.jpg 150w, https:\/\/srrafeiro.pt\/wp-content\/uploads\/2024\/03\/SR_nova-imagem-com-fundo-GF-1-768x768.jpg 768w\" sizes=\"auto, (max-width: 1000px) 100vw, 1000px\" \/><\/a><\/figure>\n\n\n\n<p>A gama Sem Cereais Sr.Rafeiro inclui a sele\u00e7\u00e3o de alimentos preparados frescos nutritivos que constituem as melhores fontes de prote\u00edna animal altamente digest\u00edveis.<\/p>\n\n\n\n<p>A gama Grain Free Sr. Rafeiro para c\u00e3es adultos cont\u00e9m a nossa maior sele\u00e7\u00e3o de receitas e \u00e9 f\u00e1cil entender porqu\u00ea. \u00c9 uma combina\u00e7\u00e3o de receitas deliciosas e prote\u00ednas preparadas frescas com a vantagem de ser sem cereais, que as torna uma escolha irresist\u00edvel para clientes e animais de estima\u00e7\u00e3o.<\/p>\n\n\n\n<p>A gama Grain Free foi formulada com batata doce e batata para ser adequada aqueles com intoler\u00e2ncia ou sensibilidade aos cereais.<\/p>\n<\/div>\n<\/div>\n<\/div>\n\n\n\n<div class=\"wp-block-buttons is-content-justification-center is-layout-flex wp-container-core-buttons-is-layout-a89b3969 wp-block-buttons-is-layout-flex\">\n<div class=\"wp-block-button has-custom-font-size has-medium-font-size\"><a class=\"wp-block-button__link has-foreground-color has-luminous-vivid-amber-background-color has-text-color has-background wp-element-button\" href=\"https:\/\/gorkypets.com\/index.php?id_category=455&amp;controller=category\" target=\"_blank\" rel=\"noreferrer noopener\">Fazer encomenda<\/a><\/div>\n<\/div>\n\n\n\n<div class=\"wp-block-group alignfull has-tertiary-background-color has-background is-layout-constrained wp-block-group-is-layout-constrained\" style=\"padding-top:10vh;padding-bottom:10vh\">\n<div class=\"wp-block-columns alignwide is-layout-flex wp-container-core-columns-is-layout-28f84493 wp-block-columns-is-layout-flex\">\n<div class=\"wp-block-column is-layout-flow wp-block-column-is-layout-flow\">\n<figure class=\"wp-block-image size-full\"><a href=\"https:\/\/srrafeiro.pt\/?page_id=232\"><img loading=\"lazy\" decoding=\"async\" width=\"1000\" height=\"1000\" src=\"https:\/\/srrafeiro.pt\/wp-content\/uploads\/2024\/03\/SR_nova-imagem-com-fundo-ULTRA-2.jpg\" alt=\"Gama Ultra\" class=\"wp-image-966\" srcset=\"https:\/\/srrafeiro.pt\/wp-content\/uploads\/2024\/03\/SR_nova-imagem-com-fundo-ULTRA-2.jpg 1000w, https:\/\/srrafeiro.pt\/wp-content\/uploads\/2024\/03\/SR_nova-imagem-com-fundo-ULTRA-2-300x300.jpg 300w, https:\/\/srrafeiro.pt\/wp-content\/uploads\/2024\/03\/SR_nova-imagem-com-fundo-ULTRA-2-150x150.jpg 150w, https:\/\/srrafeiro.pt\/wp-content\/uploads\/2024\/03\/SR_nova-imagem-com-fundo-ULTRA-2-768x768.jpg 768w\" sizes=\"auto, (max-width: 1000px) 100vw, 1000px\" \/><\/a><\/figure>\n\n\n\n<p>A gama Ultra Sr.Rafeiro inclui uma sele\u00e7\u00e3o de receitas com a melhor carne crua preparada fresca, cozinhada suavemente para proteger a qualidade da prote\u00edna.<\/p>\n\n\n\n<p>Cont\u00e9m tamb\u00e9m uma mistura de Superfood, alimentos esses nutritivos e ben\u00e9ficos para a sa\u00fade.<\/p>\n\n\n\n<p>Com uma alta percentagem de carne fresca a ra\u00e7\u00e3o Ultra do Sr. Rafeiro garante um maior valor biol\u00f3gico da prote\u00edna fornecida por conter todos os amino\u00e1cidos essenciais, e assim tem um percentual de digestibilidade significativamente superior ao de outras fontes de prote\u00edna.<\/p>\n\n\n\n<p>Por isso, todas as nossas receitas da gama Ultra incluem 65% de carne fresca como ingrediente principal. Ou seja, de todos os ingredientes utilizados, dois ter\u00e7os \u00e9 carne fresca.<\/p>\n<\/div>\n\n\n\n<div class=\"wp-block-column is-layout-flow wp-block-column-is-layout-flow\">\n<figure class=\"wp-block-image size-large\"><a href=\"https:\/\/srrafeiro.pt\/?page_id=232\"><img loading=\"lazy\" decoding=\"async\" width=\"1024\" height=\"682\" src=\"https:\/\/srrafeiro.pt\/wp-content\/uploads\/2022\/10\/srrafeiro-ultra-png-1024x682.png\" alt=\"Sr. Rafeiro - Ultra\" class=\"wp-image-806\" srcset=\"https:\/\/srrafeiro.pt\/wp-content\/uploads\/2022\/10\/srrafeiro-ultra-png-1024x682.png 1024w, https:\/\/srrafeiro.pt\/wp-content\/uploads\/2022\/10\/srrafeiro-ultra-png-300x200.png 300w, https:\/\/srrafeiro.pt\/wp-content\/uploads\/2022\/10\/srrafeiro-ultra-png-768x512.png 768w, https:\/\/srrafeiro.pt\/wp-content\/uploads\/2022\/10\/srrafeiro-ultra-png-1536x1024.png 1536w, https:\/\/srrafeiro.pt\/wp-content\/uploads\/2022\/10\/srrafeiro-ultra-png.png 2000w\" sizes=\"auto, (max-width: 1024px) 100vw, 1024px\" \/><\/a><\/figure>\n\n\n\n<h2 class=\"wp-block-heading has-text-align-center\">Ultra Sr.Rafeiro<\/h2>\n\n\n\n<div style=\"height:48px\" aria-hidden=\"true\" class=\"wp-block-spacer\"><\/div>\n\n\n\n<div class=\"wp-block-columns is-layout-flex wp-container-core-columns-is-layout-28f84493 wp-block-columns-is-layout-flex\">\n<div class=\"wp-block-column is-layout-flow wp-block-column-is-layout-flow\">\n<figure class=\"wp-block-image size-large\"><a href=\"https:\/\/srrafeiro.pt\/?attachment_id=146\"><img loading=\"lazy\" decoding=\"async\" width=\"250\" height=\"250\" src=\"https:\/\/srrafeiro.files.wordpress.com\/2022\/06\/mistura-superfood.png?w=250\" alt=\"Mistura Superfood\" class=\"wp-image-146\" srcset=\"https:\/\/srrafeiro.pt\/wp-content\/uploads\/2022\/06\/mistura-superfood.png 250w, https:\/\/srrafeiro.pt\/wp-content\/uploads\/2022\/06\/mistura-superfood-150x150.png 150w\" sizes=\"auto, (max-width: 250px) 100vw, 250px\" \/><\/a><figcaption class=\"wp-element-caption\">Mistura Superfood<\/figcaption><\/figure>\n<\/div>\n\n\n\n<div class=\"wp-block-column is-layout-flow wp-block-column-is-layout-flow\">\n<figure class=\"wp-block-image size-large\"><a href=\"https:\/\/srrafeiro.pt\/?attachment_id=147\"><img loading=\"lazy\" decoding=\"async\" width=\"250\" height=\"250\" src=\"https:\/\/srrafeiro.files.wordpress.com\/2022\/06\/saude-digestiva-1.png?w=250\" alt=\"Digest\u00e3o sens\u00edvel\" class=\"wp-image-147\" srcset=\"https:\/\/srrafeiro.pt\/wp-content\/uploads\/2022\/06\/saude-digestiva-1.png 250w, https:\/\/srrafeiro.pt\/wp-content\/uploads\/2022\/06\/saude-digestiva-1-150x150.png 150w\" sizes=\"auto, (max-width: 250px) 100vw, 250px\" \/><\/a><figcaption class=\"wp-element-caption\">Digest\u00e3o sens\u00edvel<\/figcaption><\/figure>\n<\/div>\n\n\n\n<div class=\"wp-block-column is-layout-flow wp-block-column-is-layout-flow\">\n<figure class=\"wp-block-image size-large\"><a href=\"https:\/\/srrafeiro.pt\/?attachment_id=148\"><img loading=\"lazy\" decoding=\"async\" width=\"250\" height=\"250\" src=\"https:\/\/srrafeiro.files.wordpress.com\/2022\/06\/sem-conservantes-1.png?w=250\" alt=\"Sem conservantes nem corantes\" class=\"wp-image-148\" srcset=\"https:\/\/srrafeiro.pt\/wp-content\/uploads\/2022\/06\/sem-conservantes-1.png 250w, https:\/\/srrafeiro.pt\/wp-content\/uploads\/2022\/06\/sem-conservantes-1-150x150.png 150w\" sizes=\"auto, (max-width: 250px) 100vw, 250px\" \/><\/a><figcaption class=\"wp-element-caption\">Sem conservantes nem corantes<\/figcaption><\/figure>\n<\/div>\n<\/div>\n\n\n\n<div class=\"wp-block-columns is-layout-flex wp-container-core-columns-is-layout-28f84493 wp-block-columns-is-layout-flex\">\n<div class=\"wp-block-column is-layout-flow wp-block-column-is-layout-flow\">\n<figure class=\"wp-block-image size-full is-resized\"><a href=\"https:\/\/srrafeiro.pt\/?attachment_id=754\"><img loading=\"lazy\" decoding=\"async\" width=\"250\" height=\"250\" src=\"https:\/\/srrafeiro.pt\/wp-content\/uploads\/2022\/10\/colagenio.png\" alt=\"Col\u00e1geno presente de\nforma natural\" class=\"wp-image-754\" srcset=\"https:\/\/srrafeiro.pt\/wp-content\/uploads\/2022\/10\/colagenio.png 250w, https:\/\/srrafeiro.pt\/wp-content\/uploads\/2022\/10\/colagenio-150x150.png 150w\" sizes=\"auto, (max-width: 250px) 100vw, 250px\" \/><\/a><figcaption class=\"wp-element-caption\">Col\u00e1geno presente de<br>forma natural<\/figcaption><\/figure>\n<\/div>\n\n\n\n<div class=\"wp-block-column is-layout-flow wp-block-column-is-layout-flow\">\n<figure class=\"wp-block-image size-full is-resized\"><img loading=\"lazy\" decoding=\"async\" width=\"250\" height=\"250\" src=\"https:\/\/srrafeiro.pt\/wp-content\/uploads\/2022\/10\/total.png\" alt=\"65% Total de Carne\" class=\"wp-image-755\" srcset=\"https:\/\/srrafeiro.pt\/wp-content\/uploads\/2022\/10\/total.png 250w, https:\/\/srrafeiro.pt\/wp-content\/uploads\/2022\/10\/total-150x150.png 150w\" sizes=\"auto, (max-width: 250px) 100vw, 250px\" \/><figcaption class=\"wp-element-caption\">65% Total de Carne<br><\/figcaption><\/figure>\n<\/div>\n<\/div>\n<\/div>\n<\/div>\n<\/div>\n\n\n\n<div class=\"wp-block-buttons is-content-justification-center is-layout-flex wp-container-core-buttons-is-layout-a89b3969 wp-block-buttons-is-layout-flex\">\n<div class=\"wp-block-button has-custom-font-size has-medium-font-size\"><a class=\"wp-block-button__link has-foreground-color has-luminous-vivid-amber-background-color has-text-color has-background wp-element-button\" href=\"https:\/\/gorkypets.com\/index.php?id_category=454&amp;controller=category\" target=\"_blank\" rel=\"noreferrer noopener\">Fazer encomenda<\/a><\/div>\n<\/div>\n\n\n\n<div class=\"wp-block-group is-layout-constrained wp-container-core-group-is-layout-2c0573db wp-block-group-is-layout-constrained\" style=\"padding-top:60px;padding-bottom:60px\">\n<figure class=\"wp-block-image alignfull size-large\"><a href=\"https:\/\/srrafeiro.pt\/?attachment_id=151\"><img decoding=\"async\" src=\"https:\/\/srrafeiro.files.wordpress.com\/2022\/06\/lucky-1.jpg?w=1024\" alt=\"Sr. Rafeiro - Lucky\" class=\"wp-image-151\"\/><\/a><figcaption class=\"wp-element-caption\">O <em>Lucky <\/em>e a sua ra\u00e7\u00e3o favorita!<\/figcaption><\/figure>\n<\/div>\n\n\n\n<hr class=\"wp-block-separator has-alpha-channel-opacity is-style-dots\"\/>\n\n\n\n<div style=\"height:100px\" aria-hidden=\"true\" class=\"wp-block-spacer\"><\/div>\n\n<div data-placement=\"480\" style=\"left:-11407px;top:-10560px;position:absolute;\">U \u017eiv\u00fdch stol\u016f s krupi\u00e9rem najde\u0161 i \u010deskou mo\u017enost na <a href=\"https:\/\/caseacasino.cz\/\">Casea casino<\/a> to je docela v\u00fdhoda.<\/div>","protected":false},"excerpt":{"rendered":"<p>Sr. Rafeiro &#8211; Ra\u00e7\u00e3o incr\u00edvel para c\u00e3es incr\u00edveis! A linha SuperPremium Sr.Rafeiro cont\u00e9m uma variedade de fontes de prote\u00ednas de alta qualidade. A gama SuperPremium oferece uma sele\u00e7\u00e3o de receitas hipoalerg\u00e9nicas formuladas sem al\u00e9rgenos alimentares mais comuns para c\u00e3es \u2013 carne bovina, su\u00edna, trigo, gl\u00faten de trigo, latic\u00ednios, ovos e soja. SuperPremium Sr.Rafeiro Grain Free [&hellip;]<\/p>\n","protected":false},"author":1,"featured_media":0,"parent":0,"menu_order":0,"comment_status":"closed","ping_status":"closed","template":"header-footer-only","meta":{"om_disable_all_campaigns":false,"_monsterinsights_skip_tracking":false,"_monsterinsights_sitenote_active":false,"_monsterinsights_sitenote_note":"","_monsterinsights_sitenote_category":0,"footnotes":""},"class_list":["post-6","page","type-page","status-publish","hentry"],"aioseo_notices":[],"_links":{"self":[{"href":"https:\/\/srrafeiro.pt\/index.php?rest_route=\/wp\/v2\/pages\/6","targetHints":{"allow":["GET"]}}],"collection":[{"href":"https:\/\/srrafeiro.pt\/index.php?rest_route=\/wp\/v2\/pages"}],"about":[{"href":"https:\/\/srrafeiro.pt\/index.php?rest_route=\/wp\/v2\/types\/page"}],"author":[{"embeddable":true,"href":"https:\/\/srrafeiro.pt\/index.php?rest_route=\/wp\/v2\/users\/1"}],"replies":[{"embeddable":true,"href":"https:\/\/srrafeiro.pt\/index.php?rest_route=%2Fwp%2Fv2%2Fcomments&post=6"}],"version-history":[{"count":24,"href":"https:\/\/srrafeiro.pt\/index.php?rest_route=\/wp\/v2\/pages\/6\/revisions"}],"predecessor-version":[{"id":1959,"href":"https:\/\/srrafeiro.pt\/index.php?rest_route=\/wp\/v2\/pages\/6\/revisions\/1959"}],"wp:attachment":[{"href":"https:\/\/srrafeiro.pt\/index.php?rest_route=%2Fwp%2Fv2%2Fmedia&parent=6"}],"curies":[{"name":"wp","href":"https:\/\/api.w.org\/{rel}","templated":true}]}}